{"id":686,"date":"2025-01-20T17:38:03","date_gmt":"2025-01-20T17:38:03","guid":{"rendered":"https:\/\/delec.com.uy\/?post_type=caso-de-exito&#038;p=686"},"modified":"2025-02-14T18:38:10","modified_gmt":"2025-02-14T21:38:10","slug":"charlas-en-fisica-medica","status":"publish","type":"caso-de-exito","link":"https:\/\/delec.com.uy\/en\/caso-de-exito\/charlas-en-fisica-medica\/","title":{"rendered":"Charlas en F\u00edsica M\u00e9dica"},"content":{"rendered":"\n<p>En 2024 la divisi\u00f3n de F\u00edsica M\u00e9dica de DeLeC Cient\u00edfica ofreci\u00f3 dos cursos junto a instituciones universitarias. Los temas abordados fueron &#8220;F\u00edsica M\u00e9dica&#8221; y &#8220;Radioterapia avanzada&#8221;. Los encuentros contaron con m\u00e1s de 60 inscriptos cada uno. De esta forma, nos comprometemos con la formaci\u00f3n de nuevos expertos para brindar los \u00faltimos tratamientos radiantes.<\/p>\n","protected":false},"featured_media":219,"template":"","meta":{"_acf_changed":false},"categories":[21],"tags":[15],"class_list":["post-686","caso-de-exito","type-caso-de-exito","status-publish","has-post-thumbnail","hentry","category-capacitaciones","tag-caso-de-exito"],"acf":[],"jetpack_sharing_enabled":true,"_links":{"self":[{"href":"https:\/\/delec.com.uy\/en\/wp-json\/wp\/v2\/caso-de-exito\/686","targetHints":{"allow":["GET"]}}],"collection":[{"href":"https:\/\/delec.com.uy\/en\/wp-json\/wp\/v2\/caso-de-exito"}],"about":[{"href":"https:\/\/delec.com.uy\/en\/wp-json\/wp\/v2\/types\/caso-de-exito"}],"wp:featuredmedia":[{"embeddable":true,"href":"https:\/\/delec.com.uy\/en\/wp-json\/wp\/v2\/media\/219"}],"wp:attachment":[{"href":"https:\/\/delec.com.uy\/en\/wp-json\/wp\/v2\/media?parent=686"}],"wp:term":[{"taxonomy":"category","embeddable":true,"href":"https:\/\/delec.com.uy\/en\/wp-json\/wp\/v2\/categories?post=686"},{"taxonomy":"post_tag","embeddable":true,"href":"https:\/\/delec.com.uy\/en\/wp-json\/wp\/v2\/tags?post=686"}],"curies":[{"name":"wp","href":"https:\/\/api.w.org\/{rel}","templated":true}]}}

Charlas en Física Médica

<p>En 2024 la división de Física Médica de DeLeC Científica ofreció dos cursos junto a instituciones universitarias. Los temas abordados fueron &#8220;Física Médica&#8221; y &#8220;Radioterapia avanzada&#8221;. Los encuentros contaron con más de 60 inscriptos cada uno. De esta forma, nos comprometemos con la formación de nuevos expertos para brindar los últimos tratamientos radiantes.</p>
